{"id":279,"date":"2026-02-28T16:02:04","date_gmt":"2026-02-28T19:02:04","guid":{"rendered":"https:\/\/ziev.com.br\/gpjota\/?page_id=279"},"modified":"2026-02-28T16:08:45","modified_gmt":"2026-02-28T19:08:45","slug":"sobre-o-autor","status":"publish","type":"page","link":"https:\/\/ziev.com.br\/gpjota\/sobre-o-autor\/","title":{"rendered":"Sobre o Autor"},"content":{"rendered":"\t\t<div data-elementor-type=\"wp-page\" data-elementor-id=\"279\" class=\"elementor elementor-279\" data-elementor-post-type=\"page\">\n\t\t\t\t<div class=\"elementor-element elementor-element-b4cc83d e-flex e-con-boxed e-con e-parent\" data-id=\"b4cc83d\" data-element_type=\"container\" data-e-type=\"container\">\n\t\t\t\t\t<div class=\"e-con-inner\">\n\t\t\t\t<div class=\"elementor-element elementor-element-5818e76 elementor-widget elementor-widget-heading\" data-id=\"5818e76\" data-element_type=\"widget\" data-e-type=\"widget\" data-widget_type=\"heading.default\">\n\t\t\t\t\t<h2 class=\"elementor-heading-title elementor-size-default\">SOBRE O AUTOR<\/h2>\t\t\t\t<\/div>\n\t\t<div class=\"elementor-element elementor-element-95bd07c e-con-full e-flex e-con e-child\" data-id=\"95bd07c\" data-element_type=\"container\" data-e-type=\"container\">\n\t\t<div class=\"elementor-element elementor-element-b0b8c3d e-con-full e-flex e-con e-child\" data-id=\"b0b8c3d\" data-element_type=\"container\" data-e-type=\"container\">\n\t\t\t\t<div class=\"elementor-element elementor-element-ee9eaa3 elementor-widget elementor-widget-image\" data-id=\"ee9eaa3\" data-element_type=\"widget\" data-e-type=\"widget\" data-widget_type=\"image.default\">\n\t\t\t\t\t\t\t\t\t\t\t\t\t\t\t\t<a href=\"https:\/\/ziev.com.br\/gpjota\/wp-content\/uploads\/2026\/02\/20251229_194901.jpg\" data-elementor-open-lightbox=\"yes\" data-elementor-lightbox-title=\"20251229_194901\" data-e-action-hash=\"#elementor-action%3Aaction%3Dlightbox%26settings%3DeyJpZCI6MjY2LCJ1cmwiOiJodHRwczpcL1wvemlldi5jb20uYnJcL2dwam90YVwvd3AtY29udGVudFwvdXBsb2Fkc1wvMjAyNlwvMDJcLzIwMjUxMjI5XzE5NDkwMS5qcGcifQ%3D%3D\">\n\t\t\t\t\t\t\t<img fetchpriority=\"high\" decoding=\"async\" width=\"1920\" height=\"2560\" src=\"https:\/\/ziev.com.br\/gpjota\/wp-content\/uploads\/2026\/02\/20251229_194901.jpg\" class=\"attachment-full size-full wp-image-266\" alt=\"\" srcset=\"https:\/\/ziev.com.br\/gpjota\/wp-content\/uploads\/2026\/02\/20251229_194901.jpg 1920w, https:\/\/ziev.com.br\/gpjota\/wp-content\/uploads\/2026\/02\/20251229_194901-225x300.jpg 225w, https:\/\/ziev.com.br\/gpjota\/wp-content\/uploads\/2026\/02\/20251229_194901-768x1024.jpg 768w, https:\/\/ziev.com.br\/gpjota\/wp-content\/uploads\/2026\/02\/20251229_194901-1152x1536.jpg 1152w, https:\/\/ziev.com.br\/gpjota\/wp-content\/uploads\/2026\/02\/20251229_194901-1536x2048.jpg 1536w\" sizes=\"(max-width: 1920px) 100vw, 1920px\" \/>\t\t\t\t\t\t\t\t<\/a>\n\t\t\t\t\t\t\t\t\t\t\t\t\t\t\t<\/div>\n\t\t\t\t<\/div>\n\t\t<div class=\"elementor-element elementor-element-c8e3b55 e-con-full e-flex e-con e-child\" data-id=\"c8e3b55\" data-element_type=\"container\" data-e-type=\"container\">\n\t\t\t\t<div class=\"elementor-element elementor-element-eec0500 elementor-widget elementor-widget-text-editor\" data-id=\"eec0500\" data-element_type=\"widget\" data-e-type=\"widget\" data-widget_type=\"text-editor.default\">\n\t\t\t\t\t\t\t\t\t<p data-start=\"44\" data-end=\"198\">Geraldo \u00e9 programador, administrador e escritor brasileiro. Tem 44 anos, \u00e9 solteiro e vive em Curitiba \u2014 cidade que aparece com frequ\u00eancia no que escreve.<\/p><p data-start=\"200\" data-end=\"363\">Carrega um interesse disperso pelo mundo. Sabe um pouco sobre muitas coisas \u2014 mais do que imagina, menos do que parece. Soa como clich\u00ea. Talvez seja. Mas complica.<\/p><p data-start=\"365\" data-end=\"431\">N\u00e3o costuma se expor. N\u00e3o \u00e9 do tipo que fala muito sobre si mesmo.<\/p><p data-start=\"433\" data-end=\"445\">Mas escreve.<\/p><p data-start=\"447\" data-end=\"687\">E \u00e9 nos textos que algo escapa \u2014 uma vis\u00e3o de mundo constru\u00edda no sil\u00eancio, uma forma de pensar que ele mesmo ainda est\u00e1 tentando entender. Aos poucos, isso aparece em personagens recorrentes, em objetos que voltam, em padr\u00f5es que insistem.<\/p><p data-start=\"689\" data-end=\"911\">Seu projeto principal, <em data-start=\"712\" data-end=\"730\">Dias Ap\u00f3s um Fim<\/em>, re\u00fane contos interligados que compartilham o mesmo universo. As hist\u00f3rias atravessam diferentes momentos, realidades e vers\u00f5es poss\u00edveis, sempre orbitando um mesmo eixo narrativo.<\/p><p data-start=\"913\" data-end=\"1032\" data-is-last-node=\"\" data-is-only-node=\"\">Al\u00e9m disso, tem outras obras conclu\u00eddas \u2014 algumas j\u00e1 em ingl\u00eas. O trabalho cresce em sil\u00eancio, como tudo o que ele faz.<\/p>\t\t\t\t\t\t\t\t<\/div>\n\t\t\t\t<\/div>\n\t\t\t\t<\/div>\n\t\t\t\t<div class=\"elementor-element elementor-element-c7fca9d elementor-widget elementor-widget-heading\" data-id=\"c7fca9d\" data-element_type=\"widget\" data-e-type=\"widget\" data-widget_type=\"heading.default\">\n\t\t\t\t\t<h3 class=\"elementor-heading-title elementor-size-default\">OBRAS<\/h3>\t\t\t\t<\/div>\n\t\t\t\t<div class=\"elementor-element elementor-element-7bde70c elementor-widget elementor-widget-shortcode\" data-id=\"7bde70c\" data-element_type=\"widget\" data-e-type=\"widget\" data-widget_type=\"shortcode.default\">\n\t\t\t\t\t\t\t<div class=\"elementor-shortcode\">    <style>\n        .e-con:has(.gpj-master-grid),\n        .e-con-inner:has(.gpj-master-grid),\n        .elementor-widget-container:has(.gpj-master-grid) {\n            display: block !important;\n            height: auto !important;\n            min-height: max-content !important;\n            overflow: visible !important;\n        }\n\n        .gpj-master-grid { display: block; width: 100%; clear: both; margin: 20px 0 80px 0; padding-bottom: 30px; }\n        .gpj-container { display: grid; gap: 20px; grid-template-columns: repeat(5, 1fr); width: 100%; }\n        @media (max-width: 1200px) { .gpj-container { grid-template-columns: repeat(3, 1fr); } } \n        @media (max-width: 767px) { .gpj-container { grid-template-columns: repeat(1, 1fr); } } \n        \n        .gpj-card { background: var(--gpj-header-bg, #fff); border-radius: 8px; overflow: hidden; box-shadow: 0 4px 12px rgba(0,0,0,0.1); transition: 0.3s; display: flex; flex-direction: column; }\n        .gpj-card:hover { transform: translateY(-5px); }\n        \n        .gpj-capa-wrap { position: relative; width: 100%; padding-top: 145%; background: #eee; overflow: hidden; }\n        \n        \/* AQUI: object-position garante o foco no centro absoluto *\/\n        .gpj-capa-img { position: absolute; top: 0; left: 0; width: 100%; height: 100%; object-fit: cover; object-position: center center; }\n        \n        .gpj-badge { position: absolute; top: 10px; padding: 3px 8px; border-radius: 3px; font-size: 10px; font-weight: bold; color: #fff; text-transform: uppercase; z-index: 5; }\n        .gpj-info { padding: 12px; flex-grow: 1; display: flex; flex-direction: column; justify-content: space-between; min-height: 80px; }\n    <\/style>\n\n    <div class=\"gpj-master-grid\">\n        <div class=\"gpj-container\">\n                            <div class=\"gpj-card\">\n                    <a href=\"https:\/\/ziev.com.br\/gpjota\/livro\/dias-apos-um-fim\/\" style=\"text-decoration:none; color:inherit; height:100%; display:flex; flex-direction:column;\">\n                        <div class=\"gpj-capa-wrap\">\n                            <img decoding=\"async\" src=\"https:\/\/ziev.com.br\/gpjota\/wp-content\/uploads\/2026\/03\/dias-apos-um-fim-final.jpg\" class=\"gpj-capa-img\">\n                            <span class=\"gpj-badge\" style=\"left:8px; background:#e67e22;\">Em Andamento<\/span>\n                            <span class=\"gpj-badge\" style=\"right:8px; background:rgba(0,0,0,0.7); border-radius:15px;\">94 caps<\/span>\n                                                            <span class=\"gpj-badge\" style=\"bottom:10px; right:10px; background:#2c3e50; border-radius:4px; font-size:11px;\">\ud83c\udf0d Portugu\u00eas<\/span>\n                                                    <\/div>\n                        <div class=\"gpj-info\">\n                            <h4 style=\"margin:0 0 8px 0; font-size:1em; line-height:1.2; font-weight:700; word-break: break-word;\">Dias Ap\u00f3s um Fim<\/h4>\n                            <p style=\"margin:0; font-size:0.75em; color:#27ae60; font-weight:600;\">Atualizado: 04\/04\/2026<\/p>\n                        <\/div>\n                    <\/a>\n                <\/div>\n                            <div class=\"gpj-card\">\n                    <a href=\"https:\/\/ziev.com.br\/gpjota\/livro\/o-evento\/\" style=\"text-decoration:none; color:inherit; height:100%; display:flex; flex-direction:column;\">\n                        <div class=\"gpj-capa-wrap\">\n                            <img decoding=\"async\" src=\"https:\/\/ziev.com.br\/gpjota\/wp-content\/uploads\/2026\/03\/o-evento-maior.jpg\" class=\"gpj-capa-img\">\n                            <span class=\"gpj-badge\" style=\"left:8px; background:#27ae60;\">Conclu\u00eddo<\/span>\n                            <span class=\"gpj-badge\" style=\"right:8px; background:rgba(0,0,0,0.7); border-radius:15px;\">13 caps<\/span>\n                                                            <span class=\"gpj-badge\" style=\"bottom:10px; right:10px; background:#2c3e50; border-radius:4px; font-size:11px;\">\ud83c\udf0d Portugu\u00eas<\/span>\n                                                    <\/div>\n                        <div class=\"gpj-info\">\n                            <h4 style=\"margin:0 0 8px 0; font-size:1em; line-height:1.2; font-weight:700; word-break: break-word;\">O Evento<\/h4>\n                            <p style=\"margin:0; font-size:0.75em; color:#27ae60; font-weight:600;\">Atualizado: 16\/02\/2026<\/p>\n                        <\/div>\n                    <\/a>\n                <\/div>\n                            <div class=\"gpj-card\">\n                    <a href=\"https:\/\/ziev.com.br\/gpjota\/livro\/when-i-arrived-everything-was-already-a-mess\/\" style=\"text-decoration:none; color:inherit; height:100%; display:flex; flex-direction:column;\">\n                        <div class=\"gpj-capa-wrap\">\n                            <img decoding=\"async\" src=\"https:\/\/ziev.com.br\/gpjota\/wp-content\/uploads\/2026\/02\/quando-cheguei-1.jpg\" class=\"gpj-capa-img\">\n                            <span class=\"gpj-badge\" style=\"left:8px; background:#27ae60;\">Conclu\u00eddo<\/span>\n                            <span class=\"gpj-badge\" style=\"right:8px; background:rgba(0,0,0,0.7); border-radius:15px;\">5 caps<\/span>\n                                                            <span class=\"gpj-badge\" style=\"bottom:10px; right:10px; background:#2c3e50; border-radius:4px; font-size:11px;\">\ud83c\udf0d Ingl\u00eas<\/span>\n                                                    <\/div>\n                        <div class=\"gpj-info\">\n                            <h4 style=\"margin:0 0 8px 0; font-size:1em; line-height:1.2; font-weight:700; word-break: break-word;\">When I Arrived, Everything Was Already a Mess<\/h4>\n                            <p style=\"margin:0; font-size:0.75em; color:#27ae60; font-weight:600;\">Atualizado: 03\/02\/2026<\/p>\n                        <\/div>\n                    <\/a>\n                <\/div>\n                            <div class=\"gpj-card\">\n                    <a href=\"https:\/\/ziev.com.br\/gpjota\/livro\/quando-cheguei-ja-estava-tudo-baguncado\/\" style=\"text-decoration:none; color:inherit; height:100%; display:flex; flex-direction:column;\">\n                        <div class=\"gpj-capa-wrap\">\n                            <img decoding=\"async\" src=\"https:\/\/ziev.com.br\/gpjota\/wp-content\/uploads\/2026\/02\/quando-cheguei.jpg\" class=\"gpj-capa-img\">\n                            <span class=\"gpj-badge\" style=\"left:8px; background:#27ae60;\">Conclu\u00eddo<\/span>\n                            <span class=\"gpj-badge\" style=\"right:8px; background:rgba(0,0,0,0.7); border-radius:15px;\">5 caps<\/span>\n                                                            <span class=\"gpj-badge\" style=\"bottom:10px; right:10px; background:#2c3e50; border-radius:4px; font-size:11px;\">\ud83c\udf0d Portugu\u00eas<\/span>\n                                                    <\/div>\n                        <div class=\"gpj-info\">\n                            <h4 style=\"margin:0 0 8px 0; font-size:1em; line-height:1.2; font-weight:700; word-break: break-word;\">Quando Cheguei, J\u00e1 Estava Tudo Bagun\u00e7ado<\/h4>\n                            <p style=\"margin:0; font-size:0.75em; color:#27ae60; font-weight:600;\">Atualizado: 29\/01\/2026<\/p>\n                        <\/div>\n                    <\/a>\n                <\/div>\n                            <div class=\"gpj-card\">\n                    <a href=\"https:\/\/ziev.com.br\/gpjota\/livro\/the-world-trapped-in-a-childs-mind\/\" style=\"text-decoration:none; color:inherit; height:100%; display:flex; flex-direction:column;\">\n                        <div class=\"gpj-capa-wrap\">\n                            <img decoding=\"async\" src=\"https:\/\/ziev.com.br\/gpjota\/wp-content\/uploads\/2026\/02\/the-world.jpg\" class=\"gpj-capa-img\">\n                            <span class=\"gpj-badge\" style=\"left:8px; background:#27ae60;\">Conclu\u00eddo<\/span>\n                            <span class=\"gpj-badge\" style=\"right:8px; background:rgba(0,0,0,0.7); border-radius:15px;\">6 caps<\/span>\n                                                            <span class=\"gpj-badge\" style=\"bottom:10px; right:10px; background:#2c3e50; border-radius:4px; font-size:11px;\">\ud83c\udf0d Ingl\u00eas<\/span>\n                                                    <\/div>\n                        <div class=\"gpj-info\">\n                            <h4 style=\"margin:0 0 8px 0; font-size:1em; line-height:1.2; font-weight:700; word-break: break-word;\">The World Trapped in a Child&#039;s Mind<\/h4>\n                            <p style=\"margin:0; font-size:0.75em; color:#27ae60; font-weight:600;\">Atualizado: 24\/01\/2026<\/p>\n                        <\/div>\n                    <\/a>\n                <\/div>\n                            <div class=\"gpj-card\">\n                    <a href=\"https:\/\/ziev.com.br\/gpjota\/livro\/o-mundo-preso-na-mente-de-uma-crianca\/\" style=\"text-decoration:none; color:inherit; height:100%; display:flex; flex-direction:column;\">\n                        <div class=\"gpj-capa-wrap\">\n                            <img decoding=\"async\" src=\"https:\/\/ziev.com.br\/gpjota\/wp-content\/uploads\/2026\/03\/o-mundo-preso.jpg\" class=\"gpj-capa-img\">\n                            <span class=\"gpj-badge\" style=\"left:8px; background:#27ae60;\">Conclu\u00eddo<\/span>\n                            <span class=\"gpj-badge\" style=\"right:8px; background:rgba(0,0,0,0.7); border-radius:15px;\">6 caps<\/span>\n                                                            <span class=\"gpj-badge\" style=\"bottom:10px; right:10px; background:#2c3e50; border-radius:4px; font-size:11px;\">\ud83c\udf0d Portugu\u00eas<\/span>\n                                                    <\/div>\n                        <div class=\"gpj-info\">\n                            <h4 style=\"margin:0 0 8px 0; font-size:1em; line-height:1.2; font-weight:700; word-break: break-word;\">O Mundo Preso na Mente de Uma Crian\u00e7a<\/h4>\n                            <p style=\"margin:0; font-size:0.75em; color:#27ae60; font-weight:600;\">Atualizado: 18\/01\/2026<\/p>\n                        <\/div>\n                    <\/a>\n                <\/div>\n                            <div class=\"gpj-card\">\n                    <a href=\"https:\/\/ziev.com.br\/gpjota\/livro\/if-not-now-when\/\" style=\"text-decoration:none; color:inherit; height:100%; display:flex; flex-direction:column;\">\n                        <div class=\"gpj-capa-wrap\">\n                            <img decoding=\"async\" src=\"https:\/\/ziev.com.br\/gpjota\/wp-content\/uploads\/2026\/02\/se-nao-1.jpg\" class=\"gpj-capa-img\">\n                            <span class=\"gpj-badge\" style=\"left:8px; background:#27ae60;\">Conclu\u00eddo<\/span>\n                            <span class=\"gpj-badge\" style=\"right:8px; background:rgba(0,0,0,0.7); border-radius:15px;\">5 caps<\/span>\n                                                            <span class=\"gpj-badge\" style=\"bottom:10px; right:10px; background:#2c3e50; border-radius:4px; font-size:11px;\">\ud83c\udf0d Ingl\u00eas<\/span>\n                                                    <\/div>\n                        <div class=\"gpj-info\">\n                            <h4 style=\"margin:0 0 8px 0; font-size:1em; line-height:1.2; font-weight:700; word-break: break-word;\">If Not Now, When?<\/h4>\n                            <p style=\"margin:0; font-size:0.75em; color:#27ae60; font-weight:600;\">Atualizado: 12\/01\/2026<\/p>\n                        <\/div>\n                    <\/a>\n                <\/div>\n                            <div class=\"gpj-card\">\n                    <a href=\"https:\/\/ziev.com.br\/gpjota\/livro\/se-nao-agora-quando\/\" style=\"text-decoration:none; color:inherit; height:100%; display:flex; flex-direction:column;\">\n                        <div class=\"gpj-capa-wrap\">\n                            <img decoding=\"async\" src=\"https:\/\/ziev.com.br\/gpjota\/wp-content\/uploads\/2026\/02\/se-nao.jpg\" class=\"gpj-capa-img\">\n                            <span class=\"gpj-badge\" style=\"left:8px; background:#27ae60;\">Conclu\u00eddo<\/span>\n                            <span class=\"gpj-badge\" style=\"right:8px; background:rgba(0,0,0,0.7); border-radius:15px;\">5 caps<\/span>\n                                                            <span class=\"gpj-badge\" style=\"bottom:10px; right:10px; background:#2c3e50; border-radius:4px; font-size:11px;\">\ud83c\udf0d Portugu\u00eas<\/span>\n                                                    <\/div>\n                        <div class=\"gpj-info\">\n                            <h4 style=\"margin:0 0 8px 0; font-size:1em; line-height:1.2; font-weight:700; word-break: break-word;\">Se n\u00e3o agora, quando?<\/h4>\n                            <p style=\"margin:0; font-size:0.75em; color:#27ae60; font-weight:600;\">Atualizado: 07\/01\/2026<\/p>\n                        <\/div>\n                    <\/a>\n                <\/div>\n                            <div class=\"gpj-card\">\n                    <a href=\"https:\/\/ziev.com.br\/gpjota\/livro\/cake-by-the-ocean-english-version\/\" style=\"text-decoration:none; color:inherit; height:100%; display:flex; flex-direction:column;\">\n                        <div class=\"gpj-capa-wrap\">\n                            <img decoding=\"async\" src=\"https:\/\/ziev.com.br\/gpjota\/wp-content\/uploads\/2026\/02\/cake-by-ocean.jpg\" class=\"gpj-capa-img\">\n                            <span class=\"gpj-badge\" style=\"left:8px; background:#27ae60;\">Conclu\u00eddo<\/span>\n                            <span class=\"gpj-badge\" style=\"right:8px; background:rgba(0,0,0,0.7); border-radius:15px;\">1 caps<\/span>\n                                                            <span class=\"gpj-badge\" style=\"bottom:10px; right:10px; background:#2c3e50; border-radius:4px; font-size:11px;\">\ud83c\udf0d Ingl\u00eas<\/span>\n                                                    <\/div>\n                        <div class=\"gpj-info\">\n                            <h4 style=\"margin:0 0 8px 0; font-size:1em; line-height:1.2; font-weight:700; word-break: break-word;\">Cake By The Ocean (English Version)<\/h4>\n                            <p style=\"margin:0; font-size:0.75em; color:#27ae60; font-weight:600;\">Atualizado: 02\/01\/2026<\/p>\n                        <\/div>\n                    <\/a>\n                <\/div>\n                            <div class=\"gpj-card\">\n                    <a href=\"https:\/\/ziev.com.br\/gpjota\/livro\/cake-by-the-ocean\/\" style=\"text-decoration:none; color:inherit; height:100%; display:flex; flex-direction:column;\">\n                        <div class=\"gpj-capa-wrap\">\n                            <img decoding=\"async\" src=\"https:\/\/ziev.com.br\/gpjota\/wp-content\/uploads\/2026\/02\/cake-by-ocean.jpg\" class=\"gpj-capa-img\">\n                            <span class=\"gpj-badge\" style=\"left:8px; background:#27ae60;\">Conclu\u00eddo<\/span>\n                            <span class=\"gpj-badge\" style=\"right:8px; background:rgba(0,0,0,0.7); border-radius:15px;\">1 caps<\/span>\n                                                            <span class=\"gpj-badge\" style=\"bottom:10px; right:10px; background:#2c3e50; border-radius:4px; font-size:11px;\">\ud83c\udf0d Portugu\u00eas<\/span>\n                                                    <\/div>\n                        <div class=\"gpj-info\">\n                            <h4 style=\"margin:0 0 8px 0; font-size:1em; line-height:1.2; font-weight:700; word-break: break-word;\">Cake By The Ocean<\/h4>\n                            <p style=\"margin:0; font-size:0.75em; color:#27ae60; font-weight:600;\">Atualizado: 01\/01\/2026<\/p>\n                        <\/div>\n                    <\/a>\n                <\/div>\n                    <\/div>\n    <\/div>\n    <\/div>\n\t\t\t\t\t\t<\/div>\n\t\t\t\t\t<\/div>\n\t\t\t\t<\/div>\n\t\t\t\t<\/div>\n\t\t","protected":false},"excerpt":{"rendered":"<p>SOBRE O AUTOR Geraldo \u00e9 programador, administrador e escritor brasileiro. Tem 44 anos, \u00e9 solteiro e vive em Curitiba \u2014 cidade que aparece com frequ\u00eancia no que escreve. Carrega um interesse disperso pelo mundo. Sabe um pouco sobre muitas coisas \u2014 mais do que imagina, menos do que parece. Soa como clich\u00ea. Talvez seja. Mas [&hellip;]<\/p>\n","protected":false},"author":2,"featured_media":0,"parent":0,"menu_order":0,"comment_status":"closed","ping_status":"closed","template":"","meta":{"footnotes":""},"class_list":["post-279","page","type-page","status-publish","hentry"],"aioseo_notices":[],"_links":{"self":[{"href":"https:\/\/ziev.com.br\/gpjota\/wp-json\/wp\/v2\/pages\/279","targetHints":{"allow":["GET"]}}],"collection":[{"href":"https:\/\/ziev.com.br\/gpjota\/wp-json\/wp\/v2\/pages"}],"about":[{"href":"https:\/\/ziev.com.br\/gpjota\/wp-json\/wp\/v2\/types\/page"}],"author":[{"embeddable":true,"href":"https:\/\/ziev.com.br\/gpjota\/wp-json\/wp\/v2\/users\/2"}],"replies":[{"embeddable":true,"href":"https:\/\/ziev.com.br\/gpjota\/wp-json\/wp\/v2\/comments?post=279"}],"version-history":[{"count":10,"href":"https:\/\/ziev.com.br\/gpjota\/wp-json\/wp\/v2\/pages\/279\/revisions"}],"predecessor-version":[{"id":290,"href":"https:\/\/ziev.com.br\/gpjota\/wp-json\/wp\/v2\/pages\/279\/revisions\/290"}],"wp:attachment":[{"href":"https:\/\/ziev.com.br\/gpjota\/wp-json\/wp\/v2\/media?parent=279"}],"curies":[{"name":"wp","href":"https:\/\/api.w.org\/{rel}","templated":true}]}}